st common factor of 117 and 780?
39
What is the greatest common factor of 38 and 2185?
19
Calculate the greatest common divisor of 10 and 215.
5
Calculate the greatest common factor of 532 and 8246.
266
What is the highest common divisor of 2513 and 7?
7
Calculate the highest common divisor of 20 and 170.
10
What is the greatest common factor of 2520 and 24?
24
What is the highest common factor of 490 and 40?
10
Calculate the highest common divisor of 594 and 66.
66
Calculate the highest common factor of 29 and 2.
1
What is the highest common divisor of 84 and 1092?
84
What is the greatest common factor of 48 and 216?
24
What is the highest common factor of 835 and 10?
5
Calculate the highest common factor of 891 and 99.
99
What is the highest common divisor of 11 and 1793?
11
What is the highest common divisor of 365 and 584?
73
What is the highest common divisor of 42555 and 15?
15
Calculate the highest common factor of 1239 and 84.
21
What is the highest common divisor of 52 and 32?
4
Calculate the highest common divisor of 492 and 1107.
123
Calculate the greatest common divisor of 30 and 6.
6
What is the greatest common factor of 546 and 378?
42
Calculate the highest common divisor of 2041 and 471.
157
Calculate the greatest common divisor of 17532 and 36.
36
What is the greatest common divisor of 25 and 1025?
25
What is the greatest common divisor of 22 and 1490?
2
Calculate the highest common factor of 905 and 5.
5
Calculate the highest common divisor of 451 and 41.
41
What is the highest common divisor of 182 and 1911?
91
What is the greatest common divisor of 1605 and 107?
107
Calculate the highest common factor of 14 and 336.
14
What is the highest common factor of 45 and 180?
45
What is the greatest common factor of 1729 and 19?
19
What is the highest common factor of 589 and 31?
31
What is the highest common factor of 60 and 45?
15
What is the greatest common factor of 112 and 432?
16
Calculate the greatest common divisor of 517 and 47.
47
What is the highest common factor of 14175 and 324?
81
Calculate the greatest common factor of 180 and 270.
90
Calculate the highest common factor of 646 and 19.
19
What is the highest common factor of 92 and 11684?
92
Calculate the greatest common divisor of 3 and 75.
3
What is the greatest common divisor of 1065 and 75?
15
Calculate the greatest common divisor of 688 and 2666.
86
What is the greatest common factor of 943 and 23?
23
What is the highest common divisor of 364 and 168?
28
Calculate the greatest common divisor of 1392 and 192.
48
Calculate the highest common factor of 24 and 1320.
24
Calculate the greatest common factor of 9728 and 38.
38
Calculate the greatest common divisor of 7475 and 975.
325
What is the greatest common factor of 6 and 3498?
6
What is the greatest common divisor of 35 and 3675?
35
Calculate the highest common factor of 280 and 1568.
56
What is the greatest common factor of 5 and 80?
5
Calculate the greatest common divisor of 279 and 495.
9
Calculate the highest common factor of 180 and 162.
18
Calculate the greatest common divisor of 35 and 4312.
7
Calculate the highest common divisor of 1968 and 5289.
123
What is the greatest common divisor of 351 and 1443?
39
What is the highest common divisor of 9638 and 305?
61
Calculate the highest common factor of 1070 and 10.
10
Calculate the greatest common divisor of 855 and 45.
45
Calculate the greatest common divisor of 22 and 1969.
11
Calculate the greatest common factor of 55 and 22.
11
What is the greatest common divisor of 15469 and 31?
31
What is the greatest common factor of 365 and 10?
5
What is the greatest common factor of 6430 and 10?
10
Calculate the greatest common factor of 45 and 420.
15
Calculate the greatest common factor of 198 and 24057.
99
Calculate the greatest common divisor of 60476 and 52.
52
Calculate the highest common factor of 42 and 3892.
14
What is the highest common divisor of 4930 and 1870?
170
Calculate the highest common factor of 7 and 2912.
7
What is the greatest common factor of 801 and 445?
89
Calculate the greatest common factor of 597 and 6.
3
What is the greatest common factor of 3 and 1146?
3
What is the greatest common factor of 87 and 21?
3
What is the greatest common factor of 3 and 1437?
3
Calculate the greatest common factor of 5070 and 234.
78
What is the highest common factor of 1456 and 3692?
52
What is the greatest common factor of 20 and 76580?
20
Calculate the highest common divisor of 5329 and 2117.
73
What is the highest common divisor of 3536 and 4624?
272
Calculate the greatest common divisor of 245 and 63.
7
What is the highest common factor of 1577 and 57?
19
What is the highest common factor of 1170 and 182?
26
What is the greatest common divisor of 324 and 72?
36
Calculate the greatest common divisor of 11 and 23.
1
Calculate the greatest common divisor of 120 and 150.
30
What is the greatest common factor of 245 and 70?
35
What is the highest common factor of 2511 and 186?
93
Calculate the greatest common divisor of 16 and 384.
16
What is the greatest common factor of 385 and 275?
55
Calculate the greatest common divisor of 3488 and 109.
109
Calculate the highest common divisor of 134 and 3082.
134
What is the greatest common factor of 64 and 6784?
64
Calculate the highest common factor of 43 and 9761.
43
Calculate the highest common divisor of 6 and 6858.
6
What is the greatest common divisor of 141 and 329?
47
What is the greatest common factor of 99 and 5841?
99
Calculate the greatest common factor of 2 and 32.
2
What is the greatest common divisor of 58 and 2552?
58
Calculate the greatest common divisor of 378 and 84.
42
Calculate the highest common factor of 1887 and 51.
51
What is the greatest common divisor of 13897 and 13?
13
Calculate the highest common divisor of 143 and 169.
13
Calculate the greatest common divisor of 3240 and 72.
72
What is the greatest common factor of 14 and 10717?
7
What is the highest common factor of 1520 and 3610?
190
What is the highest common factor of 847 and 7?
7
Calculate the highest common divisor of 218 and 981.
109
What is the highest common divisor of 264 and 616?
88
Calculate the greatest common divisor of 2599 and 113.
113
What is the highest common factor of 22 and 407?
11
Calculate the highest common divisor of 13247 and 26.
13
Calculate the highest common factor of 3157 and 82.
41
Calculate the greatest common divisor of 10 and 5055.
5
What is the greatest common factor of 3720 and 136?
8
Calculate the highest common divisor of 322 and 98.
14
What is the greatest common factor of 11 and 25157?
11
What is the greatest common factor of 21 and 132?
3
What is the highest common factor of 98 and 161?
7
What is the highest common factor of 1334 and 58?
58
What is the highest common divisor of 779 and 533?
41
What is the greatest common divisor of 303 and 101?
101
Calculate the highest common factor of 4004 and 112.
28
What is the greatest common divisor of 116 and 8?
4
Calculate the highest common factor of 7002 and 36.
18
Calculate the highest common divisor of 1050 and 50.
50
Calculate the highest common divisor of 984 and 600.
24
Calculate the highest common divisor of 8 and 4120.
8
Calculate the highest common divisor of 175 and 87150.
175
Calculate the greatest common factor of 438 and 6.
6
Calculate the highest common factor of 122376 and 24.
24
What is the greatest common factor of 182 and 112?
14
Calculate the highest common divisor of 1190 and 140.
70
What is the greatest common factor of 61 and 671?
61
What is the highest common divisor of 68 and 4?
4
Calculate the greatest common divisor of 1100 and 20.
20
What is the greatest common factor of 2162 and 46?
46
Calculate the highest common factor of 207 and 9.
9
What is the highest common factor of 867 and 4913?
289
Calculate the highest common factor of 18 and 168.
6
Calculate the greatest common factor of 50 and 2800.
50
Calculate the highest common divisor of 28 and 644.
28
Calculate the greatest common divisor of 26 and 1534.
26
What is the greatest common factor of 301 and 91?
7
Calculate the highest common factor of 9210 and 30.
30
What is the greatest common divisor of 19 and 13053?
19
Calculate the greatest common factor of 153 and 18.
9
What is